{"id":62,"date":"2023-04-18T19:45:46","date_gmt":"2023-04-18T19:45:46","guid":{"rendered":"https:\/\/piroska-malermeisterin.de\/?page_id=62"},"modified":"2026-05-06T09:21:33","modified_gmt":"2026-05-06T09:21:33","slug":"datenschutz","status":"publish","type":"page","link":"https:\/\/piroska-malermeisterin.de\/?page_id=62","title":{"rendered":"Datenschutz"},"content":{"rendered":"<div class=\"brz-root__container brz-reset-all brz brz-root__container-page\">\n<section id=\"_ackrmkbjpluxafllsfqxknnxgunxanyrjnxb\" class=\"brz-section brz-css-e9z4ov\">\n<div class=\"brz-section__content brz-section--boxed brz-css-1v2vjlx brz-css-186gtfk\" data-brz-custom-id=\"hjnjrgjhvmccbhgokdkgkivomapcoyrhemih\">\n<div class=\"brz-container brz-css-gvjmbf\">\n<div id=\"\" class=\"brz-css-1n7knrf brz-wrapper\">\n<div class=\"brz-wp-shortcode brz-css-1hwjgdy\" data-brz-custom-id=\"wmnarjimypwexwgxmlgapewaltmdeuegxnss\">\n<div><h2>Datenschutz-Erkl\u00e4rung<\/h2>\n<p><p>In dieser Datenschutzerkl\u00e4rung informieren wir Sie \u00fcber die Verarbeitung Ihrer personenbezogenen Daten.<\/p>\n<p> Sofern Sie Ihre Datenschutzeinstellungen \u00e4ndern m\u00f6chten (Einwilligungen erteilen oder bereits erteilte Einwilligungen widerrufen), klicken Sie <a target=\"_blank\" href=\"#\" class=\"sp-dsgvo-show-privacy-popup\">hier<\/a> um Ihre Einstellungen zu \u00e4ndern.<\/p>\n<h3>Verantwortlich<\/h3>\n<p>Piroska-Edit Friedmann, Friedmann Piroska-Edit (Einzelunternehmerin), Eschbachstr. 20, 76703 Kraichtal, Deutschland, <a href=\"mailto:info@piroska-malermeisterin.de\">info@piroska-malermeisterin.de<\/a>, 07250 9690903<\/p>\n<h3>Hosting Provider<\/h3>\n<p><strong>Dienst:<\/strong> Hosting-Anbieter<br \/>\n<strong>Anbieter:<\/strong><br \/>\nLA Webhosting, Inh. Philipp Lahn<br \/>\nAzmannsdorfer Weg 2<br \/>\n99085 Erfurt<br \/>\n<strong>Datenschutzerkl\u00e4rung:<\/strong> <a href=\"https:\/\/la-webhosting.de\/datenschutz.html\" target=\"_blank\" rel=\"noopener\">Link zur Datenschutzerkl\u00e4rung<\/a><\/p>\n<h3>Server Log Files<\/h3>\n<p><span><\/p>\n<p>Zum Zweck der \u00dcberwachung der technischen Funktion und zur Erh\u00f6hung der Betriebssicherheit unseres Webhosts werden Verbindungsdaten verarbeitet. Die Dauer der Verarbeitung ist auf 14 Tage beschr\u00e4nkt.<\/p>\n<p>Die Rechtsgrundlage f\u00fcr die Datenverarbeitung ist das berechtigte Interesse (unbedingte technische Notwendigkeit eines Server Log Files als grundlegende Datenbasis zur Fehleranalyse und f\u00fcr Sicherheitsma\u00dfnahmen im Rahmen des durch Ihren Aufruf ausdr\u00fccklich gew\u00fcnschten Dienstes &#8222;Website&#8220;) gem\u00e4\u00df Art. 6 Abs. 1 lit. f DSGVO.<\/p>\n<p><\/span><\/p>\n<h3>Analysedienste<\/h3>\n<h4>WP Statistics<\/h4>\n<p><p>Zum Zweck der Suche und Analyse von Fehlern, der Auswertung der Nutzung und der Ableitung von Ma\u00dfnahmen zur zuk\u00fcnftigen Weiterentwicklung unserer Website verarbeiten wir Ihre Daten mit Hilfe der lokalen Analysesoftware <a target=\"_blank\" href=\"https:\/\/wordpress.org\/plugins\/wp-statistics\/\">WP-Statistics<\/a>, WordPress.<\/p>\n<p>Da es sich bei diesem Dienst um ein lokales Analysetool handelt, werden keinerlei personenbezogene Daten an den Diensteanbieter oder an Dritte weitergeleitet. Zudem werden Ihre personenbezogenen Daten unmittelbar nach Erhebung anonymisiert. Eine \u00fcber den ersten Verarbeitungsschritt hinausgehende Speicherung von personenbezogenen Daten findet daher nicht statt.<\/p>\n<p>Die Rechtsgrundlage f\u00fcr die Datenverarbeitung ist das berechtigte Interesse (unbedingte technische Notwendigkeit zur Bereitstellung und Auslieferung des von Ihnen durch Ihren Aufruf ausdr\u00fccklich gew\u00fcnschten Dienstes &#8222;Website&#8220;) gem\u00e4\u00df Art. 6 Abs. 1 lit. f DSGVO.<\/p>\n<\/p>\n<h3>Widerspruchsrecht<\/h3>\n<p><p>Sofern die Verarbeitung Ihrer personenbezogenen Daten auf Grundlage des berechtigten Interesses erfolgt, haben Sie das Recht gegen diese Verarbeitung zu widersprechen.<\/p>\n<p>Sofern keine zwingenden schutzw\u00fcrdigen Gr\u00fcnde f\u00fcr die Verarbeitung unsererseits vorliegen, wird die Verarbeitung Ihrer Daten auf Basis dieser Rechtsgrundlage eingestellt.<\/p>\n<p>Zudem haben Sie das Recht, der Verarbeitung Ihrer personenbezogenen Daten zum Zweck der Direktwerbung zu widersprechen. Im Fall des Widerspruchs werden Ihre personenbezogenen Daten nicht mehr zum Zweck der Direktwerbung verarbeitet.<\/p>\n<p>Die Rechtm\u00e4\u00dfigkeit der bis zum Widerspruch verarbeiteten Daten wird durch den Widerspruch nicht ber\u00fchrt.<\/p>\n<\/p>\n<h3>Widerrufsrecht<\/h3>\n<p><p>Sie haben das Recht eine bereits erteilte Einwilligung jederzeit zu widerrufen, indem Sie die <a target=\"_blank\" class=\"lwb-ppsp\" href=\"#\" title=\"Datenschutzeinstellungen\">Datenschutzeinstellungen<\/a> \u00e4ndern.<\/p>\n<p>Im Fall der Einwilligung in den Erhalt elektronischer Werbung kann der Widerruf Ihrer Einwilligung durch Klick auf den Abmeldelink erfolgen. In diesem Fall wird eine Verarbeitung, sofern keine andere Rechtsgrundlage besteht, eingestellt.<\/p>\n<p>Die Rechtm\u00e4\u00dfigkeit der bis zum Widerruf verarbeiteten Daten wird durch den Widerruf nicht ber\u00fchrt.<\/p>\n<\/p>\n<h3>Betroffenenrechte<\/h3>\n<p><p>Sie haben zudem das Recht auf Auskunft, Berichtigung, L\u00f6schung und Einschr\u00e4nkung der Verarbeitung der personenbezogenen Daten.<\/p>\n<p>Soweit die Rechtsgrundlage der Verarbeitung Ihrer personenbezogenen Daten in Ihrer Einwilligung oder in einem mit Ihnen abgeschlossenen Vertrag besteht, haben Sie \u00fcberdies das Recht auf Daten\u00fcbertragbarkeit. <\/p>\n<p>Weiters haben Sie das Recht auf Beschwerde bei der Aufsichtsbeh\u00f6rde. N\u00e4here Informationen zu den Aufsichtsbeh\u00f6rden in der Europ\u00e4ischen Union finden Sie <a target=\"_blank\" href=\"https:\/\/ec.europa.eu\/justice\/article-29\/structure\/data-protection-authorities\/index_en.htm\" title=\"Datenschutzbeh\u00f6rden\">hier<\/a>.<\/p><\/p>\n<\/div>\n<\/div>\n<\/div>\n<\/div>\n<\/div>\n<\/section>\n<\/div>\n<p>    <!-- version:1737680957 --><\/p>\n","protected":false},"excerpt":{"rendered":"","protected":false},"author":1,"featured_media":0,"parent":0,"menu_order":0,"comment_status":"closed","ping_status":"closed","template":"brizy-blank-template.php","meta":{"footnotes":""},"class_list":["post-62","page","type-page","status-publish","hentry"],"yoast_head":"<!-- This site is optimized with the Yoast SEO plugin v27.6 - https:\/\/yoast.com\/product\/yoast-seo-wordpress\/ -->\n<title>Datenschutz - Piroska Malermeisterin<\/title>\n<meta name=\"robots\" content=\"noindex, follow\" \/>\n<meta property=\"og:locale\" content=\"de_DE\" \/>\n<meta property=\"og:type\" content=\"article\" \/>\n<meta property=\"og:title\" content=\"Datenschutz - Piroska Malermeisterin\" \/>\n<meta property=\"og:url\" content=\"https:\/\/piroska-malermeisterin.de\/?page_id=62\" \/>\n<meta property=\"og:site_name\" content=\"Piroska Malermeisterin\" \/>\n<meta property=\"article:modified_time\" content=\"2026-05-06T09:21:33+00:00\" \/>\n<meta name=\"twitter:card\" content=\"summary_large_image\" \/>\n<meta name=\"twitter:label1\" content=\"Gesch\u00e4tzte Lesezeit\" \/>\n\t<meta name=\"twitter:data1\" content=\"1\u00a0Minute\" \/>\n<script type=\"application\/ld+json\" class=\"yoast-schema-graph\">{\"@context\":\"https:\\\/\\\/schema.org\",\"@graph\":[{\"@type\":\"WebPage\",\"@id\":\"https:\\\/\\\/piroska-malermeisterin.de\\\/?page_id=62\",\"url\":\"https:\\\/\\\/piroska-malermeisterin.de\\\/?page_id=62\",\"name\":\"Datenschutz - Piroska Malermeisterin\",\"isPartOf\":{\"@id\":\"https:\\\/\\\/piroska-malermeisterin.de\\\/#website\"},\"datePublished\":\"2023-04-18T19:45:46+00:00\",\"dateModified\":\"2026-05-06T09:21:33+00:00\",\"breadcrumb\":{\"@id\":\"https:\\\/\\\/piroska-malermeisterin.de\\\/?page_id=62#breadcrumb\"},\"inLanguage\":\"de\",\"potentialAction\":[{\"@type\":\"ReadAction\",\"target\":[\"https:\\\/\\\/piroska-malermeisterin.de\\\/?page_id=62\"]}]},{\"@type\":\"BreadcrumbList\",\"@id\":\"https:\\\/\\\/piroska-malermeisterin.de\\\/?page_id=62#breadcrumb\",\"itemListElement\":[{\"@type\":\"ListItem\",\"position\":1,\"name\":\"Startseite\",\"item\":\"https:\\\/\\\/piroska-malermeisterin.de\\\/\"},{\"@type\":\"ListItem\",\"position\":2,\"name\":\"Datenschutz\"}]},{\"@type\":\"WebSite\",\"@id\":\"https:\\\/\\\/piroska-malermeisterin.de\\\/#website\",\"url\":\"https:\\\/\\\/piroska-malermeisterin.de\\\/\",\"name\":\"Piroska Malermeisterin\",\"description\":\"Maler- und Lackierergewerbe\",\"publisher\":{\"@id\":\"https:\\\/\\\/piroska-malermeisterin.de\\\/#organization\"},\"potentialAction\":[{\"@type\":\"SearchAction\",\"target\":{\"@type\":\"EntryPoint\",\"urlTemplate\":\"https:\\\/\\\/piroska-malermeisterin.de\\\/?s={search_term_string}\"},\"query-input\":{\"@type\":\"PropertyValueSpecification\",\"valueRequired\":true,\"valueName\":\"search_term_string\"}}],\"inLanguage\":\"de\"},{\"@type\":\"Organization\",\"@id\":\"https:\\\/\\\/piroska-malermeisterin.de\\\/#organization\",\"name\":\"Piroska Malermeisterin\",\"url\":\"https:\\\/\\\/piroska-malermeisterin.de\\\/\",\"logo\":{\"@type\":\"ImageObject\",\"inLanguage\":\"de\",\"@id\":\"https:\\\/\\\/piroska-malermeisterin.de\\\/#\\\/schema\\\/logo\\\/image\\\/\",\"url\":\"https:\\\/\\\/piroska-malermeisterin.de\\\/wp-content\\\/uploads\\\/2023\\\/04\\\/piroska_malermeisterin_logo_header.png\",\"contentUrl\":\"https:\\\/\\\/piroska-malermeisterin.de\\\/wp-content\\\/uploads\\\/2023\\\/04\\\/piroska_malermeisterin_logo_header.png\",\"width\":800,\"height\":298,\"caption\":\"Piroska Malermeisterin\"},\"image\":{\"@id\":\"https:\\\/\\\/piroska-malermeisterin.de\\\/#\\\/schema\\\/logo\\\/image\\\/\"},\"sameAs\":[\"https:\\\/\\\/www.instagram.com\\\/piroska.malermeisterin\"]}]}<\/script>\n<!-- \/ Yoast SEO plugin. -->","yoast_head_json":{"title":"Datenschutz - Piroska Malermeisterin","robots":{"index":"noindex","follow":"follow"},"og_locale":"de_DE","og_type":"article","og_title":"Datenschutz - Piroska Malermeisterin","og_url":"https:\/\/piroska-malermeisterin.de\/?page_id=62","og_site_name":"Piroska Malermeisterin","article_modified_time":"2026-05-06T09:21:33+00:00","twitter_card":"summary_large_image","twitter_misc":{"Gesch\u00e4tzte Lesezeit":"1\u00a0Minute"},"schema":{"@context":"https:\/\/schema.org","@graph":[{"@type":"WebPage","@id":"https:\/\/piroska-malermeisterin.de\/?page_id=62","url":"https:\/\/piroska-malermeisterin.de\/?page_id=62","name":"Datenschutz - Piroska Malermeisterin","isPartOf":{"@id":"https:\/\/piroska-malermeisterin.de\/#website"},"datePublished":"2023-04-18T19:45:46+00:00","dateModified":"2026-05-06T09:21:33+00:00","breadcrumb":{"@id":"https:\/\/piroska-malermeisterin.de\/?page_id=62#breadcrumb"},"inLanguage":"de","potentialAction":[{"@type":"ReadAction","target":["https:\/\/piroska-malermeisterin.de\/?page_id=62"]}]},{"@type":"BreadcrumbList","@id":"https:\/\/piroska-malermeisterin.de\/?page_id=62#breadcrumb","itemListElement":[{"@type":"ListItem","position":1,"name":"Startseite","item":"https:\/\/piroska-malermeisterin.de\/"},{"@type":"ListItem","position":2,"name":"Datenschutz"}]},{"@type":"WebSite","@id":"https:\/\/piroska-malermeisterin.de\/#website","url":"https:\/\/piroska-malermeisterin.de\/","name":"Piroska Malermeisterin","description":"Maler- und Lackierergewerbe","publisher":{"@id":"https:\/\/piroska-malermeisterin.de\/#organization"},"potentialAction":[{"@type":"SearchAction","target":{"@type":"EntryPoint","urlTemplate":"https:\/\/piroska-malermeisterin.de\/?s={search_term_string}"},"query-input":{"@type":"PropertyValueSpecification","valueRequired":true,"valueName":"search_term_string"}}],"inLanguage":"de"},{"@type":"Organization","@id":"https:\/\/piroska-malermeisterin.de\/#organization","name":"Piroska Malermeisterin","url":"https:\/\/piroska-malermeisterin.de\/","logo":{"@type":"ImageObject","inLanguage":"de","@id":"https:\/\/piroska-malermeisterin.de\/#\/schema\/logo\/image\/","url":"https:\/\/piroska-malermeisterin.de\/wp-content\/uploads\/2023\/04\/piroska_malermeisterin_logo_header.png","contentUrl":"https:\/\/piroska-malermeisterin.de\/wp-content\/uploads\/2023\/04\/piroska_malermeisterin_logo_header.png","width":800,"height":298,"caption":"Piroska Malermeisterin"},"image":{"@id":"https:\/\/piroska-malermeisterin.de\/#\/schema\/logo\/image\/"},"sameAs":["https:\/\/www.instagram.com\/piroska.malermeisterin"]}]}},"brizy_media":[],"_links":{"self":[{"href":"https:\/\/piroska-malermeisterin.de\/index.php?rest_route=\/wp\/v2\/pages\/62","targetHints":{"allow":["GET"]}}],"collection":[{"href":"https:\/\/piroska-malermeisterin.de\/index.php?rest_route=\/wp\/v2\/pages"}],"about":[{"href":"https:\/\/piroska-malermeisterin.de\/index.php?rest_route=\/wp\/v2\/types\/page"}],"author":[{"embeddable":true,"href":"https:\/\/piroska-malermeisterin.de\/index.php?rest_route=\/wp\/v2\/users\/1"}],"replies":[{"embeddable":true,"href":"https:\/\/piroska-malermeisterin.de\/index.php?rest_route=%2Fwp%2Fv2%2Fcomments&post=62"}],"version-history":[{"count":7,"href":"https:\/\/piroska-malermeisterin.de\/index.php?rest_route=\/wp\/v2\/pages\/62\/revisions"}],"predecessor-version":[{"id":110,"href":"https:\/\/piroska-malermeisterin.de\/index.php?rest_route=\/wp\/v2\/pages\/62\/revisions\/110"}],"wp:attachment":[{"href":"https:\/\/piroska-malermeisterin.de\/index.php?rest_route=%2Fwp%2Fv2%2Fmedia&parent=62"}],"curies":[{"name":"wp","href":"https:\/\/api.w.org\/{rel}","templated":true}]}}